s 2 divide 3236?
True
Does 2498 divide 10036964?
True
Does 14 divide 894152?
True
Does 7 divide 307438?
False
Is 34 a factor of 120242?
False
Is 171 a factor of 83631?
False
Is 178 a factor of 2026530?
True
Does 33 divide 178909?
False
Is 2118100 a multiple of 10?
True
Does 87 divide 8136021?
False
Is 69079 a multiple of 43?
False
Is 78597 a multiple of 10?
False
Is 66600 a multiple of 60?
True
Is 2 a factor of 356972?
True
Is 17 a factor of 3198754?
True
Is 114413 a multiple of 17?
False
Is 209932 a multiple of 3?
False
Does 30 divide 113460?
True
Is 53570 a multiple of 11?
True
Is 16 a factor of 212470?
False
Is 51945 a multiple of 15?
True
Is 17 a factor of 480828?
True
Does 22 divide 1289002?
True
Does 94 divide 188940?
True
Is 867 a factor of 1477384?
False
Is 724 a factor of 176656?
True
Is 86508 a multiple of 27?
True
Is 10 a factor of 3833076?
False
Does 139 divide 151093?
True
Does 6 divide 24240?
True
Does 21 divide 4464264?
True
Is 218 a factor of 53076?
False
Does 3 divide 360992?
False
Is 102 a factor of 219277?
False
Does 12 divide 709236?
True
Is 30 a factor of 19969?
False
Does 1200 divide 2209560?
False
Is 420 a factor of 308700?
True
Does 3 divide 9964?
False
Is 62 a factor of 1730994?
False
Is 45154 a multiple of 26?
False
Is 408 a factor of 603432?
True
Is 66 a factor of 5992008?
True
Does 3 divide 8659?
False
Does 5 divide 4414061?
False
Is 5 a factor of 89469?
False
Does 415 divide 7836169?
False
Does 125 divide 795375?
True
Is 131376 a multiple of 51?
True
Does 19 divide 56335?
True
Is 15930 a multiple of 183?
False
Is 3123044 a multiple of 4?
True
Is 7 a factor of 108946?
False
Is 104 a factor of 9996272?
True
Is 5 a factor of 1555?
True
Is 22 a factor of 6488796?
False
Is 5755218 a multiple of 14?
True
Is 38 a factor of 424384?
True
Does 38 divide 3033464?
True
Is 56468 a multiple of 743?
True
Does 12 divide 473097?
False
Is 49 a factor of 1546979?
True
Is 155 a factor of 912795?
True
Is 89 a factor of 2657184?
True
Is 607 a factor of 12940457?
False
Is 5511601 a multiple of 50?
False
Is 5 a factor of 18475?
True
Does 166 divide 9550506?
False
Does 60 divide 144120?
True
Is 43 a factor of 1032946?
True
Is 160 a factor of 50560?
True
Is 670927 a multiple of 106?
False
Is 59 a factor of 140243?
True
Does 6 divide 40061?
False
Is 3130064 a multiple of 28?
True
Does 112 divide 77056?
True
Is 146 a factor of 177888?
False
Is 2839466 a multiple of 127?
True
Is 9 a factor of 1004327?
False
Is 40 a factor of 5750720?
True
Is 16 a factor of 179829?
False
Is 316 a factor of 743548?
True
Is 141896 a multiple of 2?
True
Is 5 a factor of 54125?
True
Does 254 divide 9278874?
True
Does 65 divide 10657018?
False
Is 23 a factor of 2960376?
True
Does 17 divide 119816?
True
Does 98 divide 179270?
False
Is 18 a factor of 127620?
True
Is 21 a factor of 10706?
False
Is 7 a factor of 2214968?
True
Is 136152 a multiple of 4?
True
Does 12 divide 193368?
True
Does 248 divide 3263680?
True
Is 29 a factor of 397097?
True
Is 33 a factor of 4801174?
False
Is 1163484 a multiple of 1197?
True
Is 27 a factor of 127899?
True
Does 14 divide 12325?
False
Does 11 divide 531729?
True
Is 22 a factor of 105829?
False
Is 62505 a multiple of 23?
False
Is 36 a factor of 190728?
True
Is 9 a factor of 107334?
True
Is 1679131 a multiple of 33?
False
Is 1700514 a multiple of 3?
True
Does 672 divide 3177654?
False
Does 90 divide 954803?
False
Is 843 a factor of 504114?
True
Is 621054 a multiple of 189?
True
Does 418 divide 2841982?
True
Does 21 divide 3415335?
True
Is 105792 a multiple of 8?
True
Is 6543010 a multiple of 98?
False
Is 182532 a multiple of 12?
True
Is 569 even?
False
Does 49 divide 367647?
True
Does 12 divide 375288?
True
Is 14 a factor of 173390?
True
Does 24 divide 53097?
False
Is 159 a factor of 9920964?
True
Is 829 a factor of 4473406?
False
Is 7 a factor of 5863648?
True
Does 2 divide 183385?
False
Is 1825949 a multiple of 73?
True
Is 357 a factor of 131866?
False
Does 11 divide 3143?
False
Is 35 a factor of 305830?
True
Does 177 divide 10349950?
False
Is 819712 a multiple of 64?
True
Is 237 a factor of 204292?
False
Is 109 a factor of 402593?
False
Does 1084 divide 10443256?
True
Is 37 a factor of 67747?
True
Does 7 divide 13401?
False
Does 498 divide 3814116?
False
Is 41580 a multiple of 140?
True
Is 8 a factor of 2221952?
True
Does 60 divide 1025398?
False
Is 83290 a multiple of 10?
True
Does 16 divide 600608?
True
Is 14 a factor of 44464?
True
Does 91 divide 2186093?
True
Is 318802 a multiple of 17?
False
Does 80 divide 1701990?
False
Is 33 a factor of 136704?
False
Does 487 divide 150769?
False
Is 4890600 a multiple of 25?
True
Is 7489236 a multiple of 6?
True
Is 1330472 a multiple of 13?
True
Does 27 divide 47126?
False
Does 985 divide 4049060?
False
Does 172 divide 5041664?
True
Does 1309 divide 7226989?
True
Is 163439 a multiple of 849?
False
Does 46 divide 1767099?
False
Does 39 divide 20861802?
True
Is 3884778 a multiple of 86?
False
Is 37 a factor of 67371?
False
Does 32 divide 340832?
True
Is 9 a factor of 2033082?
True
Is 161156 a multiple of 507?
False
Does 83 divide 7220087?
True
Is 19232616 a multiple of 13?
True
Is 21766 a multiple of 3?
False
Is 157 a factor of 1991859?
True
Is 1129059 a multiple of 789?
True
Is 81 a factor of 1249587?
True
Is 352 a factor of 743328?
False
Is 244008 a multiple of 9?
True
Is 14 a factor of 12830622?
True
Does 9 divide 521139?
False
Is 673692 even?
True
Does 298 divide 5697012?
False
Is 5115034 a multiple of 11?
False
Does 15 divide 2294415?
True
Is 124 a factor of 56951?
False
Is 17 a factor of 9781120?
True
Does 143 divide 2676885?
False
Is 190980 a multiple of 90?
True
Does 11 divide 1041106?
True
Does 8 divide 634178?
False
Is 7 a factor of 8673?
True
Is 34 a factor of 12663538?
True
Is 29064 a multiple of 173?
True
Is 3631296 a multiple of 16?
True
Is 85 a factor of 640322?
False
Does 27 divide 83025?
True
Does 145 divide 1761895?
True
Does 10 divide 131260?
True
Is 290496 a multiple of 136?
True
Is 5 a factor of 365880?
True
Is 15 a factor of 398564?
False
Is 9341052 a multiple of 542?
False
Does 14 divide 87473?
False
Does 15 divide 2769985?
False
Is 754701 a multiple of 17?
False
Is 8678319 a multiple of 39?
True
Is 949026 a multiple of 26?
True
Is 350 a factor of 66651?
False
Is 22 a factor of 172260?
True
Is 163240 a multiple of 40?
True
Does 7 divide 591000?
False
Is 46 a factor of 191483?
False
Is 256826 a multiple of 68?
False
Is 317249 a multiple of 281?
True
Is 143 a factor of 2809936?
False
Is 124 a factor of 163350?
False
Does 62 divide 427160?
False
Is 13 a factor of 384501?
True
Is 2632782 a multiple of 72?
False
Is 9 a factor of 14215?
False
Is 3541307 a multiple of 165?
False
Is 9212419 a multiple of 242?
False
Is 1042060 a multiple of 22?
False
Does 116 divide 222952?
True
Is 76 a factor of 84397?
False
Is 1330 a factor of 11384078?
False
Is 200 a factor of 74412?
False
Does 223 divide 505839?
False
Is 84319 a multiple of 136?
False
Does 16 divide 34708?
False
Is 1207448 a multiple of 88?
True
Is 39545 a multiple of 5?
True
Does 387 divide 268215?
False
Does 9 divide 7097?
False
Is 64 a factor of 94016?
True
Is 190770 a multiple of 31?
False
Does 3 divide 373541?
False
Does 204 divide 74460?
True
Does 6 divide 117152?
False
Is 23 a factor of 9354836?
True
Does 28 divide 996240?
True
Is 112 a factor of 51968?
True
Does 47 divide 16831?
False
Is 439 a factor of 509679?
True
Is 3 a factor of 108101?
False
Does 54 divide 77112?
True
Is 220 a factor of 167200?
True
Is 44 a factor of 231704?
True
Does 9 divide 3285895?
False
Does 9 divide 215115?
False
Is 123 a factor of 56970?
False
Is 79 a factor of 2245733?
True
Is 6 a factor of 98728?
False
Is 79 a factor of 64925?
False
Does 1182 divide 2338931?
False
Is 258607 a multiple of 16?
False
Does 327 divide 29727?
False
Does 12 divide 3689579?
False
Does 106 divide 6837636?
True
Is 403 a factor of 761670?
True
Does 293 divide 302669?
True
Does 1658 divide 4459617?
False
Does 1077 divide 31371933?
True
Does 25 divide 5686384?
False
Is 586335 a multiple of 13?
False
Is 267 a factor of 16696311?
True
Does 24 divide 4005120?
True
Is 36052 a multiple of 37?
False
Does 104 divide 1599764?
False
Does 3 divide 44103?
True
Does 8 divide 